-164
Let v(c) = c**3 + 32*c**2 + 147*c + 5935. Determine v(-33).
-5
Let a(i) = 88*i + 1395. Give a(-16).
-13
Let z(g) = 2*g**3 + 173*g**2 - 88*g - 51. Determine z(-87).
36
Let q(u) = u**2 - 107*u + 2721. Give q(69).
99
Let q(j) = 22*j - 224. What is q(13)?
62
Let t(f) = 3*f**3 + 5*f**2 - 4*f + 14. Calculate t(-5).
-216
Let l(u) = -583*u + 591. What is l(1)?
8
Let u(x) = x**3 + 4*x**2 - 22. What is u(5)?
203
Let d(g) = -18*g - 102. Determine d(-5).
-12
Let q(l) = 182*l + 10200. Calculate q(-56).
8
Let u(m) = -2*m**3 - 13*m**2 + 27*m + 2. Determine u(3).
-88
Let f(i) = -i**2 + 3*i + 83. What is f(-16)?
-221
Let p(j) = -44*j**2 + 78*j + 4. Give p(2).
-16
Let g(b) = 104*b - 36. Calculate g(1).
68
Let s(l) = -l**3 - 6*l**2 + 12*l + 117. Determine s(-7).
82
Let r(s) = -14614*s - 4. Determine r(0).
-4
Let d(l) = 2*l**3 + 99*l**2 + 14*l - 1713. Calculate d(-49).
2
Let a(v) = v**3 + 4*v**2 - 17*v + 23. Calculate a(3).
35
Let w(x) = 4*x**2 - 14*x + 60. Give w(4).
68
Let j(s) = 2*s**3 + 118*s**2 - 2*s - 326. Calculate j(-59).
-208
Let u(r) = -r**3 + 9*r**2 + 33*r - 94. Determine u(11).
27
Let v(c) = -c**3 - 59*c**2 - 512*c - 1066. Calculate v(-49).
12
Let j(m) = -m**3 - 72*m**2 + 155*m + 563. Determine j(-74).
45
Let y(c) = -c**2 - 100*c - 1893. Give y(-25).
-18
Let o(b) = -5*b**3 - 1172*b**2 - 470*b - 449. Determine o(-234).
19
Let g(y) = -20*y + 632. Give g(47).
-308
Let l(b) = b**2 - 45*b + 360. Calculate l(10).
10
Let y(a) = -3*a**3 - 4*a + 6. What is y(0)?
6
Let l(p) = -p**2 - 12*p - 121. Give l(-23).
-374
Let s(p) = -2*p**3 + 28*p**2 + 190*p + 5. Determine s(-5).
5
Let b(f) = 45*f - 74. Calculate b(20).
826
Let d(q) = -2*q**2 - 252*q + 2393. What is d(-135)?
-37
Let f(l) = -l**2 + l + 17. Calculate f(7).
-25
Let x(g) = 216*g - 437. Calculate x(2).
-5
Let r(z) = -z**3 - 34*z**2 + 66*z - 69. Determine r(-36).
147
Let z(j) = 57*j - 14. What is z(-3)?
-185
Let q(v) = -2*v**3 - 90*v**2 - 224*v - 43. Determine q(-42).
-1219
Let p(u) = -2*u**3 + 26*u**2 + 832*u - 10820. Determine p(13).
-4
Let i(z) = -2*z**2 - 199*z - 1690. Give i(-9).
-61
Let u(j) = j**3 + 57*j**2 + 267*j + 350. Calculate u(-52).
-14
Let y(h) = 10*h**3 - 5*h**2 - 5*h + 13. Calculate y(3).
223
Let w(q) = -12*q**2 + 9*q - 10. What is w(-5)?
-355
Let k(d) = -725*d - 10189. Determine k(-14).
-39
Let s(u) = -789*u - 5360. Give s(-7).
163
Let t(b) = -477*b + 209398. Give t(439).
-5
Let m(l) = 243*l**2 - 10686*l - 271. What is m(44)?
-7
Let x(y) = 3*y**3 + 18*y**2 - 132*y - 120. Give x(-10).
0
Let l(p) = p**3 + 4*p**2 - 12*p + 5. What is l(0)?
5
Let v(u) = 225*u**2 - 555*u + 2. Give v(2).
-208
Let l(h) = h**2 + 53*h + 26. What is l(7)?
446
Let x(g) = -g**3 + 8*g**2 + 14*g + 58. Determine x(10).
-2
Let r(l) = l**2 - 59*l + 665. Determine r(42).
-49
Let j(h) = 4*h**2 + 99*h - 77. Determine j(-25).
-52
Let v(l) = l + 93. Calculate v(-73).
20
Let x(q) = 20*q - 138. Determine x(6).
-18
Let z(q) = -q**3 + 11*q**2 - 31*q + 336. Give z(11).
-5
Let d(l) = -3*l - 30. Determine d(30).
-120
Let y(o) = o**2 - 15*o + 38. What is y(24)?
254
Let r(s) = -s**2 - 107*s + 620. What is r(-113)?
-58
Let a(k) = -3*k**3 - 266*k**2 + 92*k + 258. Determine a(-89).
-9
Let j(d) = -45*d - 24. Give j(-2).
66
Let x(v) = -v**2 - 18*v + 96. Calculate x(-21).
33
Let y(l) = 135*l - 3524. What is y(23)?
-419
Let a(o) = 11*o**2 + 94*o + 479. What is a(-6)?
311
Let z(u) = -u**2 + 88*u + 8673. Calculate z(147).
0
Let f(h) = h**3 + 71*h**2 + 1106*h + 42. Calculate f(-23).
-4
Let z(f) = -2*f**3 - 43*f**2 - 25*f - 71. What is z(-21)?
13
Let t(n) = 19*n + 1956. What is t(-105)?
-39
Let a(i) = -i**2 + 25*i + 60. Calculate a(26).
34
Let p(u) = u**3 + 21*u**2 - 15*u + 146. Calculate p(-22).
-8
Let x(z) = z**3 - 14*z**2 + 29*z - 50. What is x(12)?
10
Let b(t) = -t**2 - 284*t + 1166. What is b(4)?
14
Let k(v) = 2*v**3 - 59*v**2 - 31*v + 28. What is k(30)?
-2
Let y(j) = 76*j + 673. Determine y(-7).
141
Let t(b) = -b**3 + 15*b**2 - 9*b + 49. What is t(9)?
454
Let d(h) = 3*h**3 - 87*h**2 + 341*h + 464. Give d(24).
8
Let x(t) = -55*t - 1269. Give x(-22).
-59
Let z(k) = -14*k**2 + 4*k - 2. Calculate z(-2).
-66
Let v(t) = -t**3 - 31*t**2 + 66*t + 12. What is v(-33)?
12
Let u(b) = b**2 - 5*b - 20. Calculate u(-6).
46
Let j(l) = l**2 + 54*l + 587. Determine j(-17).
-42
Let u(x) = 4*x**2 + 20*x - 29. What is u(-6)?
-5
Let y(a) = -133*a + 164. What is y(4)?
-368
Let a(l) = -152*l + 308. What is a(2)?
4
Let z(q) = -q**2 - 42*q + 167. What is z(-57)?
-688
Let j(m) = -170*m - 3730. Give j(-22).
10
Let b(n) = -197*n + 1171. Give b(6).
-11
Let l(x) = 8*x - 123. Determine l(34).
149
Let h(m) = -m**3 + 9*m**2 - 25*m + 33. Calculate h(5).
8
Let q(n) = -2*n**2 + 63*n + 180. Determine q(33).
81
Let i(w) = 673*w - 57881. What is i(86)?
-3
Let y(i) = 2*i**3 + 13*i**2 + 21*i + 40. Calculate y(-5).
10
Let d(p) = -p**2 - 83*p - 1599. Determine d(-24).
-183
Let i(m) = -7*m**2 + 440*m + 146. What is i(63)?
83
Let a(y) = -7*y**2 + 35*y - 44. Calculate a(5).
-44
Let i(q) = 53*q - 2241. What is i(42)?
-15
Let r(o) = o**2 + 1520*o - 12216. Calculate r(8).
8
Let r(d) = d**3 + 12*d**2 - 19*d - 14. Determine r(7).
784
Let m(p) = -22*p + 90. Give m(9).
-108
Let x(l) = l + 6. Determine x(-1).
5
Let x(o) = -2*o**3 - 2*o**2 - 2*o - 193. What is x(0)?
-193
Let w(z) = -24*z**2 - 265*z - 14. Determine w(-11).
-3
Let x(k) = -2*k**3 - 349*k**2 - 523*k - 695. Determine x(-173).
-3
Let n(k) = 6*k + 246. Determine n(-44).
-18
Let z(d) = -2*d**3 + 96*d**2 + 2*d - 237. Calculate z(48).
-141
Let p(z) = 3*z**2 + 101*z + 42. Give p(-34).
76
Let h(n) = -21*n + 1302. Give h(74).
-252
Let z(v) = -195*v - 2872. What is z(-15)?
53
Let v(w) = -w**3 + 39*w**2 - 80*w + 1572. Determine v(38).
-24
Let v(x) = -x**2 + 258*x + 9601. Determine v(-33).
-2
Let a(z) = z**2 - 73*z + 400. Give a(67).
-2
Let u(m) = -199*m + 2977. Determine u(15).
-8
Let k(v) = -v**2 + 31*v - 164. Calculate k(26).
-34
Let d(o) = 13*o - 168. Determine d(28).
196
Let j(x) = 10*x - 184. What is j(24)?
56
Let i(q) = 2*q**2 - 221*q + 4867. What is i(80)?
-13
Let o(g) = -2*g**2 + 47*g + 267. Calculate o(27).
78
Let d(c) = -598*c - 10766. What is d(-18)?
-2
Let u(g) = g**3 - 10*g**2 + 5*g - 25. Determine u(9).
-61
Let k(p) = 516*p - 29404. Determine k(57).
8
Let r(j) = -967*j + 13535. Calculate r(14).
-3
Let h(x) = 63*x - 475. Calculate h(8).
29
Let i(o) = -2654*o**2 + 10617*o - 8. Calculate i(4).
-4
Let r(b) = b**2 - 82*b - 124. Give r(84).
44
Let g(n) = -2*n**2 + n - 24. Calculate g(-5).
-79
Let d(g) = -34*g**3 + 3*g**2 + 5*g + 2. Determine d(-1).
34
Let w(k) = 35*k + 29. Determine w(-4).
-111
Let s(h) = 40*h - 3. Calculate s(-4).
-163
Let a(y) = y**3 - 36*y**2 + 38*y - 115. Calculate a(35).
-10
Let o(f) = -7*f**2 - 24*f + 27. Give o(1).
-4
Let c(k) = -k**3 + 92*k**2 - 1155*k + 4. Calculate c(77).
4
Let o(m) = -7*m**3 - 68*m**2 + 19*m - 18. Calculate o(-10).
-8
Let u(h) = -h**3 - 40*h**2 + 273*h - 44. Give u(6).
-62
Let k(c) = -2*c**3 - 84*c**2 + 87*c + 38. Calculate k(-43).
-5
Let s(n) = n**2 + n - 999. What is s(31)?
-7
Let b(h) = -11099*h - 110987. What is b(-10)?
3
Let k(q) = -13*q**3 - 64*q**2 - 31*q - 195. Give k(-5).
-15
Let n(b) = b**3 + 60*b**2 - 259*b - 18. Give n(4).
-30
Let z(u) = 2*u**3 - 113*u**2 - 42*u - 808. What is z(57)?
47
Let x(f) = -f**3 - 12*f**2 + 120*f + 633. Determine x(-17).
38
Let t(d) = -8*d**2 + 5*d + 3. Give t(-2).
-39
Let u(o) = -89*o - 536. What is u(-6)?
-2
Let v(r) = -94*r - 3549. What is v(-38)?
23
Let s(j) = 470*j + 6567. Calculate s(-14).
-13
Let k(d) = -d**2 + 146*d + 19627. What is k(-85)?
-8
Let h(b) = -39*b + 15. Give h(6).
-219
Let k(g) = -257*g - 1033. Calculate k(-4).
-5
Let f(a) = -a**2 - 12*a + 1360. Give f(32).
-48
Let p(a) = 4*a**2 - 341*a - 1323. Determine p(89).
12
Let y(p) = -p**2 + 132*p - 408. Calculate y(3).
-21
Let j(s) = -7620*s - 38100. Give j(-5).
0
Let s(l) = -36*l + 23. Give s(-16).
599
Let w(m) = -m**3 + 18*m**2 + 18*m - 497. Give w(18).
-173
Let i(n) = n**3 - 14*n**2 + 9*n - 24. Give i(13).
-76
Let l(d) = -d**3 + 22*d**2 + 37*d - 318. Give l(23).
4
Let f(v) = v**3 - 10*v**2 + 29*v - 14. What is f(9)?
166
Let u(o) = -2*o**2 - 1872*o + 42157. Calculate u(22).
5
Let k(w) = 32*w - 86. What is k(12)?
298
Let l(r) = -r**3 + 12*r**2 + 15*r - 116. Determine l(8).
260
Let w(a)